{"id":2964,"date":"2025-06-30T14:46:29","date_gmt":"2025-06-30T14:46:29","guid":{"rendered":"https:\/\/oldtimermuseum-nottuln.de\/?page_id=2964"},"modified":"2025-07-03T07:38:17","modified_gmt":"2025-07-03T07:38:17","slug":"opel-lkw","status":"publish","type":"page","link":"https:\/\/oldtimermuseum-nottuln.de\/?page_id=2964","title":{"rendered":"Opel LKW 10\/40 von 1927"},"content":{"rendered":"\n<figure class=\"wp-block-image size-full\"><img loading=\"lazy\" decoding=\"async\" width=\"600\" height=\"450\" src=\"https:\/\/oldtimermuseum-nottuln.de\/wp-content\/uploads\/2025\/06\/schwetzingen-g.jpg\" alt=\"\" class=\"wp-image-2965\" srcset=\"https:\/\/oldtimermuseum-nottuln.de\/wp-content\/uploads\/2025\/06\/schwetzingen-g.jpg 600w, https:\/\/oldtimermuseum-nottuln.de\/wp-content\/uploads\/2025\/06\/schwetzingen-g-300x225.jpg 300w\" sizes=\"auto, (max-width: 600px) 100vw, 600px\" \/><\/figure>\n\n\n\n<h3 class=\"wp-block-heading\">Eine Geschichte \u00fcber Frank Bachhausen + 2025<\/h3>\n\n\n\n<p>(Erstmals ver\u00f6ffentlicht im Jahre 2017 auf der web-site der Oldtimerfreunde D\u00fcsseldorf)<\/p>\n\n\n\n<p>Frank Bachhausen kommt mit einem 85 Jahre alten Opel-LKW nach Schloss Dyck.<\/p>\n\n\n\n<p>Der D\u00fcsseldorfer B\u00e4ckermeister Frank Bachhausen ist vernarrt in alte Autos. Bei ihm daheim stehen drei Oldtimer und ein ausrangierter Pferdewagen. Derzeit f\u00e4hrt er aber mit einem alten Opel-Lastwagen Reklame. Im Mai war er mit dem Gef\u00e4hrt auf der Zeche Zollverein, am Sonntag ist er in Herne und am 15. August auf dem N\u00fcrburgring. Zuvor ist sein Opel vom 3. bis 5. August bei den Classic Days im Dycker Schlosspark zu bewundern. Der Grund f\u00fcr Bachhausens Reiset\u00e4tigkeit: \u201eOpel wird in diesem Jahr 150 Jahre alt, und da will ich zeigen, welche wundervollen Fahrzeuge damals gebaut wurden\u201c, sagt Bachhausen. Sein braunes LKW-Schmuckst\u00fcck hat eine bewegte Geschichte hinter sich. 1928 wurde es mit einem Aufbau einer Th\u00fcringer Firma nach Plauen im Vogtland ausgeliefert. \u201eWir haben in dem Fahrzeug noch einen M\u00f6belauslieferungsschein aus dem Jahr 1930 aus Plauen gefunden\u201c, erz\u00e4hlt Bachhausen. Sp\u00e4ter war der Opel 10-40 15,5 to (so die genaue Typ-Bezeichnung) im Raum Berlin als M\u00f6belwagen zugelassen. Als Requisite der Ufa \/ Defa hat er in Babelsberg die Kriegszeit und die DDR \u00fcberlebt. Erst 1991 kam die gro\u00dfe Aufr\u00e4umaktion und Bachhausens Opel landete bei einem Schrotth\u00e4ndler. Ein Potdamer B\u00fcrger rettete den Oldtimer und stellte ihn bei sich unter. Da er die Mittel f\u00fcr eine Restaurierung aber nicht aufbringen konnte, bot er den Oldtimer 2009 zum Verkauf an. 20 Monate ben\u00f6tigte Bachhausen, um das alte Vehikel wieder flott zu bekommen. Dabei wurden nur wenige Neuteile verwendet. \u201eDie meisten Sorgen machte uns der Motor, da er durch den Frost Risse bekommen hat\u201c, erz\u00e4hlt Bachhausen. Da Bachhausen im Besitz mehrerer B\u00e4ckereifahrzeuge ist, sollte der Oldtimer k\u00fcnftig auch als B\u00e4ckereifahrzeug durch die Stra\u00dfen rollen. So wurden die in den Seitenw\u00e4nden eingebauten Fenster wieder geschlossen, wodurch auch die Innenverkleidung rechts und links erneuert werden musste. \u201eAnsonsten wurde aber wenig ver\u00e4ndert\u201c, berichtet Bachhausen stolz. Der Boden, die h\u00f6lzerne Deckenverkleidung sowie die Dachbedeckung aus Zink stammen noch aus den Jahren 1927\/28. Die Sitzbank wurde nur aufgepolstert, f\u00fcr das Ausstellfenster vorne, das Armaturenbrett und Felgen wurden alte Ersatzteile gesucht &#8211; und gefunden. 2011 wurde der neue alte Wagen zum ersten Mal in Essen vorgestellt. \u201eUnd wir sind stolz darauf, zum 150-j\u00e4hrigen Firmenjubil\u00e4um von Opel einen 85 Jahre alten Opel Lastwagen vorstellen zu d\u00fcrfen\u201c, sagt Bachhausen.<\/p>\n\n\n\n<figure class=\"wp-block-image size-full\"><img loading=\"lazy\" decoding=\"async\" width=\"960\" height=\"720\" src=\"https:\/\/oldtimermuseum-nottuln.de\/wp-content\/uploads\/2025\/07\/Bild01.jpg\" alt=\"\" class=\"wp-image-2972\" srcset=\"https:\/\/oldtimermuseum-nottuln.de\/wp-content\/uploads\/2025\/07\/Bild01.jpg 960w, https:\/\/oldtimermuseum-nottuln.de\/wp-content\/uploads\/2025\/07\/Bild01-300x225.jpg 300w, https:\/\/oldtimermuseum-nottuln.de\/wp-content\/uploads\/2025\/07\/Bild01-768x576.jpg 768w\" sizes=\"auto, (max-width: 960px) 100vw, 960px\" \/><figcaption class=\"wp-element-caption\">Frank Bachhausen hier mit <a href=\"https:\/\/de.wikipedia.org\/wiki\/Heidi_Hetzer\">Heidi Hetzer<\/a>, Unternehmerin und Rallyefahrerin, + 2019<\/figcaption><\/figure>\n\n\n\n<figure class=\"wp-block-image size-large\"><img loading=\"lazy\" decoding=\"async\" width=\"1024\" height=\"768\" src=\"https:\/\/oldtimermuseum-nottuln.de\/wp-content\/uploads\/2025\/07\/Bild-11-1024x768.jpeg\" alt=\"\" class=\"wp-image-2975\" srcset=\"https:\/\/oldtimermuseum-nottuln.de\/wp-content\/uploads\/2025\/07\/Bild-11-1024x768.jpeg 1024w, https:\/\/oldtimermuseum-nottuln.de\/wp-content\/uploads\/2025\/07\/Bild-11-300x225.jpeg 300w, https:\/\/oldtimermuseum-nottuln.de\/wp-content\/uploads\/2025\/07\/Bild-11-768x576.jpeg 768w, https:\/\/oldtimermuseum-nottuln.de\/wp-content\/uploads\/2025\/07\/Bild-11-1536x1152.jpeg 1536w, https:\/\/oldtimermuseum-nottuln.de\/wp-content\/uploads\/2025\/07\/Bild-11.jpeg 2048w\" sizes=\"auto, (max-width: 1024px) 100vw, 1024px\" \/><\/figure>\n\n\n\n<p><strong>Der Opel ist im Fr\u00fchjahr 2025 als Zustiftung in die Sammlung Technisches Kulturgut im Land NRW (Kopfer-Foundation) \u00fcberf\u00fchrt worden.<\/strong><\/p>\n\n\n\n<figure class=\"wp-block-image size-large\"><img loading=\"lazy\" decoding=\"async\" width=\"1024\" height=\"768\" src=\"https:\/\/oldtimermuseum-nottuln.de\/wp-content\/uploads\/2025\/07\/Bild-05-1024x768.jpg\" alt=\"\" class=\"wp-image-2979\" srcset=\"https:\/\/oldtimermuseum-nottuln.de\/wp-content\/uploads\/2025\/07\/Bild-05-1024x768.jpg 1024w, https:\/\/oldtimermuseum-nottuln.de\/wp-content\/uploads\/2025\/07\/Bild-05-300x225.jpg 300w, https:\/\/oldtimermuseum-nottuln.de\/wp-content\/uploads\/2025\/07\/Bild-05-768x576.jpg 768w, https:\/\/oldtimermuseum-nottuln.de\/wp-content\/uploads\/2025\/07\/Bild-05-1536x1152.jpg 1536w, https:\/\/oldtimermuseum-nottuln.de\/wp-content\/uploads\/2025\/07\/Bild-05.jpg 2048w\" sizes=\"auto, (max-width: 1024px) 100vw, 1024px\" \/><\/figure>\n","protected":false},"excerpt":{"rendered":"<p>Eine Geschichte \u00fcber Frank Bachhausen + 2025 (Erstmals ver\u00f6ffentlicht im Jahre 2017 auf der web-site der Oldtimerfreunde D\u00fcsseldorf) Frank Bachhausen kommt mit einem 85 Jahre alten Opel-LKW nach Schloss Dyck. Der D\u00fcsseldorfer B\u00e4ckermeister Frank Bachhausen ist vernarrt in alte Autos. Bei ihm daheim stehen drei Oldtimer und ein ausrangierter Pferdewagen. Derzeit f\u00e4hrt er aber mit [&hellip;]<\/p>\n","protected":false},"author":2,"featured_media":0,"parent":0,"menu_order":0,"comment_status":"closed","ping_status":"closed","template":"","meta":{"footnotes":""},"class_list":["post-2964","page","type-page","status-publish","czr-hentry"],"_links":{"self":[{"href":"https:\/\/oldtimermuseum-nottuln.de\/index.php?rest_route=\/wp\/v2\/pages\/2964","targetHints":{"allow":["GET"]}}],"collection":[{"href":"https:\/\/oldtimermuseum-nottuln.de\/index.php?rest_route=\/wp\/v2\/pages"}],"about":[{"href":"https:\/\/oldtimermuseum-nottuln.de\/index.php?rest_route=\/wp\/v2\/types\/page"}],"author":[{"embeddable":true,"href":"https:\/\/oldtimermuseum-nottuln.de\/index.php?rest_route=\/wp\/v2\/users\/2"}],"replies":[{"embeddable":true,"href":"https:\/\/oldtimermuseum-nottuln.de\/index.php?rest_route=%2Fwp%2Fv2%2Fcomments&post=2964"}],"version-history":[{"count":18,"href":"https:\/\/oldtimermuseum-nottuln.de\/index.php?rest_route=\/wp\/v2\/pages\/2964\/revisions"}],"predecessor-version":[{"id":2998,"href":"https:\/\/oldtimermuseum-nottuln.de\/index.php?rest_route=\/wp\/v2\/pages\/2964\/revisions\/2998"}],"wp:attachment":[{"href":"https:\/\/oldtimermuseum-nottuln.de\/index.php?rest_route=%2Fwp%2Fv2%2Fmedia&parent=2964"}],"curies":[{"name":"wp","href":"https:\/\/api.w.org\/{rel}","templated":true}]}}